 Calculate u(l).
-5
Let b(h) = h**2 - 2*h - 7. Suppose -12*s = -25*s - 39. Determine b(s).
8
Let k be -1 + 0/2*1. Let o(u) be the first derivative of u**5/20 - u**2/2 - 3*u + 9. Let q(m) be the first derivative of o(m). What is q(k)?
-2
Let q(t) = -10*t - 21 - 8 - 20 + t**3 + 63 + 11*t**2. Give q(-12).
-10
Let j(d) = 7*d**3 + 16*d**2 - 9*d + 17. Let v(u) = 4*u**3 + 8*u**2 - 4*u + 9. Let p(q) = 3*j(q) - 5*v(q). Determine p(-9).
-12
Let y(q) be the second derivative of -q**5/20 - 5*q**4/12 + 3*q**3/2 + 15*q**2/2 + 8*q - 13. What is y(-6)?
-3
Let n(m) be the first derivative of -m**6/120 + m**5/120 + 31*m**3/3 - 19. Let c(i) be the third derivative of n(i). What is c(-1)?
-4
Let o(j) be the first derivative of j**4/4 - 2*j**3 - j - 1250. Suppose -2*r - 3*r = -30. Calculate o(r).
-1
Let r(z) = z**3 + 3*z**2 + 5*z + 7. Let w(t) = -2*t**3 - 5*t**2 - 9*t - 14. Let k(l) = 7*r(l) + 3*w(l). What is k(-5)?
-8
Let o(w) be the first derivative of 5*w**2/2 + w + 7. Let t(h) = -h - 1. Let n(i) = -o(i) - 4*t(i). Determine n(-5).
8
Suppose 5*g = g + 8. Suppose -5*i = -4*s + 19, 6 = 2*i - 7*s + g*s. Let r(m) = 0*m**2 + 3 + 7*m + 0*m**2 + m**2. What is r(i)?
3
Let n be 0*(-5 + (-5 - -9)). Let t be -2 + (0 - n - -3). Let f(k) = 2*k**2 + 1. Determine f(t).
3
Suppose -3*t + 5*t = 8. Suppose 2*a - t = 4*a. Let l = a + -2. Let m(j) = -j**3 - 5*j**2 - 7*j - 4. What is m(l)?
8
Let b(o) = 2*o + 10. Let j be b(-6). Let v(p) = p + 5. Let c be v(j). Let s(x) = -2*x**2 + 4*x - 3. Determine s(c).
-9
Suppose -4*c = -3*w - 3*c - 16, 2*c + 28 = -4*w. Let a(y) = -y**3 - 4*y + 18*y - 5*y**2 - 8*y - 3. Give a(w).
-3
Let u(x) = 0*x - 5*x + 4*x - 5. Suppose 5*y - 5*k + k = 40, 4*y - 4*k - 36 = 0. Let a be (-20)/(y + 0) + 0. Determine u(a).
0
Let t(a) = 3*a + 29 - 53 + 28. Determine t(-7).
-17
Let y be (-2)/(-4) - ((-726)/12 + -4). Let p = 74 - y. Let x(f) = f**2 - 10*f + 3. What is x(p)?
-6
Let g(a) = a**3 - 3*a**2 + 4*a - 5. Suppose -49 = -19*c + 8. What is g(c)?
7
Let r(d) be the third derivative of -d**4/6 + 8*d**3/3 + 16*d**2 + 5*d. Calculate r(13).
-36
Let u = -14 - -16. Let x be 3 - (u/(-2) + 4). Suppose -5*s + 15 = x, 0*y - s = 4*y - 19. Let z(k) = k**3 - 4*k**2 - k. Calculate z(y).
-4
Let t(h) = 841*h**2 + 1 + 5*h + h**3 - 832*h**2 - 5. Give t(-8).
20
Let x(g) = -5 - 1285*g + 5*g**2 + g**2 + g**3 + 1290*g. Suppose 7 = -4*b + 3*o, -o = 4*b - 0*o + 3. Let h be (b/(-2))/(1/(-10)). Calculate x(h).
-5
Let u(c) = c**3 + 4*c**2 - 10*c - 8. Let v(z) = -12*z - 54. Suppose -3*r - 10 = -i + 3, 4*r - 3*i = -19. Let p be v(r). What is u(p)?
-20
Let i(g) = 5*g**3 - 2*g**2 + 1. Suppose 9*h = 5*h + 16. Let t be 1 + -1 + 3 + 1. Suppose 5*l + 2*u = 3 + t, -4*u = -h. Determine i(l).
4
Suppose 16*t + 12 = 19*t. Let c(n) = -n**3 + 4*n**2 - 3*n - 2. Calculate c(t).
-14
Suppose -l - 3*z = 84 - 21, -l - 4*z - 66 = 0. Let o be (-12)/l + 0 - 76/18. Let x(j) = -j**3 - 5*j**2 + 3*j + 6. Calculate x(o).
-22
Let r(b) = 6*b**3 + 20*b**2 - 5*b + 10. Let k(f) = -f**3 - 4*f**2 + f - 2. Let l(i) = 11*k(i) + 2*r(i). Determine l(3).
-8
Let i(x) be the third derivative of -7*x**4/24 - 4*x**3/3 - 10*x**2. Let d be i(-4). Suppose -2*t = 2*t - b - d, -4*b = -16. Let w(u) = u - 14. Calculate w(t).
-8
Let x(h) = h**3 - 8*h**2 + 7*h - 6. Let p(j) = j**2 + 9*j - 15. Let w = -3 + -8. Let s be p(w). Determine x(s).
-6
Let m be ((-8016)/45 + 6/45)/2. Let w = -96 - m. Let y(v) = v**2 + 5*v + 1. Determine y(w).
15
Let d(n) = 17*n - 1. Let p(t) = t**2. Let a(s) = -d(s) + 2*p(s). Calculate a(8).
-7
Let s(l) be the third derivative of -l**6/360 - l**5/15 - l**4/8 - 5*l**3/6 + 10*l**2. Let c(v) be the first derivative of s(v). Determine c(-3).
12
Let u(p) = -100*p + 1 - 3*p**3 + 35*p + 6*p**3 + 28*p + 36*p. Give u(1).
3
Let l(a) = -a**3 - 3*a**2 + 6*a + 10. Suppose -3*m - 5*x + 8 = 0, -5*m + 0*m = -4*x + 36. Let s be l(m). Let v(z) = -6*z - 16 - z**s + 6 + 8. Give v(-5).
3
Suppose -4*h - 1 + 9 = 0. Let k be (0 - 0)/((-4)/h). Let x(r) = -22*r + 9. Let y(l) = 9*l - 4. Let v(z) = -2*x(z) - 5*y(z). Calculate v(k).
2
Suppose -4*h + 3*q - 12 = -2*h, -5*h - q - 13 = 0. Let w be (h - (-95)/25)/((-2)/15). Let p(u) = -u**2 - 6*u + 2. What is p(w)?
2
Let a(c) = c**3 + 5*c**2 - 6*c - 3. Let s be a(-6). Let t(y) = y**2 + y. Determine t(s).
6
Let x(o) = o**3 + o**2 + o - 2. Let c be (45 - 42)/(-1 - 1/2). Determine x(c).
-8
Let d(i) = 2*i**2 + i - 1. Let r be ((-32)/(-14))/(-4) - 155/35. Give d(r).
44
Let f = -5 + 14. Suppose 2*y - 5*y + f = 0. Suppose -5*a - 9 = 5*l + 16, -2*l = y*a + 10. Let w(p) = p**2 + p - 6. Give w(a).
-6
Suppose -410*x = -418*x - 152. Let s(g) = 2*g**3 + 37*g**2 - 17*g + 25. What is s(x)?
-13
Suppose 2*p - u - 2*u = 13, 2 = 2*u. Let z(v) = -3*v + 15*v**3 - 8*v**3 - p*v**3 - 5*v**2 + 2. Calculate z(-4).
-2
Suppose -10*x - 16 = -6. Let d(n) = 2*n**3 + 3*n**2 + n - 1. Let r be d(x). Let t(p) = -p - 1. Determine t(r).
0
Let x(z) be the first derivative of z**2/2 + z - 398. Calculate x(-6).
-5
Suppose 0 = 3*y + 10*y - 130. Let j(n) = y*n**3 - n**2 + 8 + 9*n**3 - 7*n - 7*n**2 - 20*n**3. Determine j(-7).
8
Suppose 9 - 25 = -8*v. Let c(a) = -4*a**2 + 427*a + 0 + 4 - 426*a + a**v + a**3. Give c(3).
7
Let w = -23 - -11. Let k(g) = -g - 17. Calculate k(w).
-5
Suppose 3 - 4 = i. Let y be 48/24 - (0 + i + 2). Let r(m) = 7*m**2 + m. Determine r(y).
8
Suppose 0 = 32*z - 220 - 100. Let j(u) = u - 12. Give j(z).
-2
Let p(u) = u**2 - 7*u - 4. Let x(t) = 3*t**2 - 5*t + 5. Let v be x(2). Determine p(v).
-4
Suppose 3*n - 17 = 4*s, 234*s - 8 = 238*s. Let m(d) = -2*d**2 - 2*d. Calculate m(n).
-24
Let l = 1644 - 1645. Let x(r) = 9*r**2 - r. Give x(l).
10
Let l be ((-12)/9 + 1)/((-1)/9). Suppose -2 = l*t - 17. Let f(b) = -b**2 + 5*b + 2. Determine f(t).
2
Let p = 115 - 117. Let y(c) = 2*c + 5. Let x be y(p). Let d(n) = -4*n**3 + 1. Calculate d(x).
-3
Let k(n) = 2*n - 2. Let z(b) = 5*b**2 - 31*b + 24. Let l be z(5). Determine k(l).
-14
Let k(q) = q**3 - 2*q**2 + 7*q - 10. Let c be k(2). Let l(i) = i**2 - 2*i - 5. Give l(c).
3
Let z be 231/6 + 2*(-3)/(-12). Let v = 42 - z. Let x(y) be the third derivative of -y**4/24 - y**3/6 - 3*y**2. What is x(v)?
-4
Suppose -2*x + x = -3*x. Let y(g) be the second derivative of g**3/6 - 3*g**2/2 - 31*g. Give y(x).
-3
Let d(h) = h**3 + 7*h**2 + h - 3. Suppose 2*s + 14 = v, -s - 7 = -0*s - v. What is d(s)?
-10
Let i(o) = 15 - 13 + o + 2*o**2 + 6*o - 4*o**2 - 8. Calculate i(6).
-36
Let w(b) = -205*b + 204*b - 2 - b**3 + 0 + 3. Suppose -2*n + 4 = -5*n - 2*u, 18 = 4*n - 2*u. Let r be 1*(-3 - -2*n). Determine w(r).
-1
Let j(x) be the first derivative of -x**5/60 - x**4/24 - 4*x**3/3 + 13*x**2 + 19. Let s(z) be the second derivative of j(z). Calculate s(0).
-8
Let b(d) = 2*d**2 + 2*d + 1. Let c = -55 + 60. Suppose 3*f - v - 5 = 5*f, -c*f - 4*v = 14. Calculate b(f).
5
Let h(z) = -2*z**3 - 3*z**2 - 3*z + 1. Let s(v) = -v**3 - 2*v**2 - 3*v + 2. Let k(r) = -2*h(r) + 3*s(r). Determine k(2).
6
Let z = -31 + 38. Let w(l) = -z + 4*l**2 - 2*l**2 - 3*l**2 - l + 2*l. Let o = 4 + -4. What is w(o)?
-7
Suppose -i = -2*f + 4 + 9, 6 = -3*i - 5*f. Let w(j) = j**2 + 6*j - 11. Calculate w(i).
-4
Let t(d) = 9*d**2 + 11*d + 6. Let o(g) = 16*g**2 + 21*g + 12. Let s(q) = -4*o(q) + 7*t(q). Let i be (15/(-6))/((-1)/(-2)). Calculate s(i).
4
Suppose -5 = 2*g + w - 1, -4*w - 2 = g. Let h(x) = -3*x + 6. Let q(v) = -2*v + 3. Let n(k) = g*h(k) + 5*q(k). What is n(2)?
-5
Let w(o) be the first derivative of 0*o**2 + 9 - 3*o**2 + 2. What is w(-1)?
6
Let j(q) = -q**3 + 4*q**2 - 5*q + 4. Suppose -6*c - 30 = -4*h, 0 = -2*h - 4*c + 3 - 9. Give j(h).
-2
Let f(l) = 2*l**3 - l**2 - l + 1. Let z(u) = -17*u**3 + 6*u**2 + 4*u - 5. Let g(b) = -6*f(b) - z(b). What is g(1)?
6
Let m(s) = s - 11. Let p be m(11). Suppose -8 = -4*b, p*b + 4 = -4*r + 2*b. Let k(f) = 7*f - 3*f + 1 - 5*f + 2*f. What is k(r)?
1
Let a(h) = h**3 + 5*h**2 + h + 1. Let l(s) be the first derivative of -s**3/3 + s**2/2 - 5*s - 11. Let c be l(0). Determine a(c).
-4
Suppose 2*f = -4 - 2. Let g(a) = -1 - 4 - 7*a**2 + 4*a**2 + 8*a - a**3. Let u(z) = -2*z**3 - 6*z**2 + 15*z - 9. Let o(x) = -11*g(x) + 6*u(x). Give o(f).
-5
Let b = -11 - -15. Let i(o) = 11*o - 5*o**2 + 1 - 7*o**2 + 20*o**2 - 4*o**2. Let n(y) = -3*y**2 - 10*y. Let z(q) = -4*i(q) - 5*n(q). What is z(b)?
4
Let a(z) = 2*z**3 - z**2 